the units digit of 45339672?
2
What is the tens digit of 16174092?
9
What is the hundred thousands digit of 14876585?
8
What is the thousands digit of 1959730611?
0
What is the hundred thousands digit of 20209018?
2
What is the thousands digit of 2090954417?
4
What is the ten millions digit of 1945368900?
4
What is the tens digit of 137287711?
1
What is the ten thousands digit of 10112939?
1
What is the units digit of 291893078?
8
What is the thousands digit of 30408326?
8
What is the ten thousands digit of 6055747839?
4
What is the hundred thousands digit of 342455395?
4
What is the ten millions digit of 497984399?
9
What is the hundred millions digit of 693372965?
6
What is the hundred thousands digit of 145863750?
8
What is the hundred thousands digit of 17847179?
8
What is the thousands digit of 2363661203?
1
What is the hundred millions digit of 232008416?
2
What is the tens digit of 32250448?
4
What is the ten thousands digit of 2713407439?
0
What is the units digit of 46937214?
4
What is the ten millions digit of 614165879?
1
What is the units digit of 600709514?
4
What is the hundred thousands digit of 714550333?
5
What is the hundred thousands digit of 1193735948?
7
What is the hundreds digit of 288935739?
7
What is the ten thousands digit of 7540907?
4
What is the ten millions digit of 15215833?
1
What is the thousands digit of 1879725599?
5
What is the hundred thousands digit of 25537137?
5
What is the thousands digit of 22496706?
6
What is the tens digit of 88681303?
0
What is the hundred millions digit of 2844747668?
8
What is the hundreds digit of 67835020?
0
What is the hundred thousands digit of 25894476?
8
What is the units digit of 1771979052?
2
What is the ten millions digit of 59689069?
5
What is the hundreds digit of 384114291?
2
What is the millions digit of 639139204?
9
What is the tens digit of 558558269?
6
What is the tens digit of 201246989?
8
What is the ten thousands digit of 240045212?
4
What is the units digit of 685922991?
1
What is the units digit of 36507852?
2
What is the hundreds digit of 27462434?
4
What is the tens digit of 9734018?
1
What is the millions digit of 497411641?
7
What is the thousands digit of 127129?
7
What is the ten thousands digit of 18509946?
0
What is the tens digit of 28121449?
4
What is the hundreds digit of 558600663?
6
What is the tens digit of 30428317?
1
What is the hundred thousands digit of 3600007483?
0
What is the units digit of 91731953?
3
What is the units digit of 309434891?
1
What is the tens digit of 481778507?
0
What is the hundreds digit of 49558563?
5
What is the thousands digit of 1449182537?
2
What is the ten millions digit of 419951536?
1
What is the units digit of 102506679?
9
What is the millions digit of 583002160?
3
What is the ten thousands digit of 361116167?
1
What is the units digit of 717633140?
0
What is the thousands digit of 931693378?
3
What is the units digit of 578834010?
0
What is the tens digit of 2246622932?
3
What is the ten thousands digit of 118694659?
9
What is the thousands digit of 185546845?
6
What is the hundreds digit of 4586192?
1
What is the units digit of 23074035?
5
What is the hundred thousands digit of 5453817089?
8
What is the millions digit of 22254476?
2
What is the hundred thousands digit of 170244282?
2
What is the thousands digit of 7641174707?
4
What is the millions digit of 128087819?
8
What is the hundred millions digit of 155234732?
1
What is the hundreds digit of 275600400?
4
What is the ten millions digit of 800518500?
0
What is the units digit of 42201944?
4
What is the hundred thousands digit of 38259628?
2
What is the units digit of 82007777?
7
What is the ten thousands digit of 711783121?
8
What is the hundred thousands digit of 229223103?
2
What is the ten thousands digit of 43749734?
4
What is the hundred millions digit of 1861955037?
8
What is the hundreds digit of 46997002?
0
What is the tens digit of 8667311?
1
What is the ten millions digit of 55496088?
5
What is the millions digit of 171551382?
1
What is the thousands digit of 164209256?
9
What is the ten millions digit of 347790007?
4
What is the hundreds digit of 789986416?
4
What is the ten thousands digit of 7291097?
9
What is the thousands digit of 1654364099?
4
What is the ten thousands digit of 31903777?
0
What is the ten millions digit of 948522051?
4
What is the tens digit of 2672540951?
5
What is the ten millions digit of 1086986366?
8
What is the ten thousands digit of 41397834?
9
What is the ten millions digit of 1532765299?
3
What is the thousands digit of 9587552?
7
What is the hundred millions digit of 3035072596?
0
What is the ten millions digit of 131084834?
3
What is the hundred thousands digit of 253085816?
0
What is the hundreds digit of 505856085?
0
What is the ten thousands digit of 1208609876?
0
What is the tens digit of 21233644?
4
What is the hundred millions digit of 437110017?
4
What is the hundred millions digit of 1724027851?
7
What is the units digit of 978465235?
5
What is the millions digit of 41549918?
1
What is the ten thousands digit of 121371591?
7
What is the hundred thousands digit of 126978513?
9
What is the hundreds digit of 28676308?
3
What is the tens digit of 2688045147?
4
What is the ten thousands digit of 52159738?
5
What is the millions digit of 105008271?
5
What is the hundreds digit of 583484525?
5
What is the hundred millions digit of 108367340?
1
What is the units digit of 61205423?
3
What is the millions digit of 131668782?
1
What is the ten thousands digit of 112946209?
4
What is the hundred thousands digit of 216270255?
2
What is the hundreds digit of 153887529?
5
What is the thousands digit of 242149940?
9
What is the hundred millions digit of 3291733780?
2
What is the tens digit of 34695208?
0
What is the ten millions digit of 5501658869?
0
What is the hundred millions digit of 2580520140?
5
What is the ten millions digit of 332629925?
3
What is the ten thousands digit of 8871034?
7
What is the thousands digit of 1492633473?
3
What is the units digit of 364764027?
7
What is the tens digit of 309292435?
3
What is the hundred thousands digit of 65148636?
1
What is the ten millions digit of 60699380?
6
What is the millions digit of 2148940803?
8
What is the tens digit of 47233781?
8
What is the hundred thousands digit of 471686930?
6
What is the ten thousands digit of 84248428?
4
What is the ten thousands digit of 18004525?
0
What is the hundred thousands digit of 2658056465?
0
What is the hundred millions digit of 142914883?
1
What is the thousands digit of 116264406?
4
What is the millions digit of 45865134?
5
What is the ten millions digit of 447996246?
4
What is the thousands digit of 49443905?
3
What is the tens digit of 530647071?
7
What is the ten thousands digit of 3722754633?
5
What is the billions digit of 1736325160?
1
What is the tens digit of 658213348?
4
What is the hundreds digit of 160361548?
5
What is the hundreds digit of 273334251?
2
What is the billions digit of 1226805170?
1
What is the millions digit of 70208926?
0
What is the units digit of 97392505?
5
What is the hundred millions digit of 517405173?
5
What is the millions digit of 6684746079?
4
What is the ten thousands digit of 117916960?
1
What is the tens digit of 161176349?
4
What is the tens digit of 743832356?
5
What is the hundred thousands digit of 721367480?
3
What is the units digit of 216496772?
2
What is the millions digit of 53415502?
3
What is the hundreds digit of 7991064161?
1
What is the hundreds digit of 2306698370?
3
What is the units digit of 113884236?
6
What is the units digit of 70303176?
6
What is the hundred thousands digit of 241911032?
9
What is the hundreds digit of 459290321?
3
What is the hundreds digit of 2157640271?
2
What is the millions digit of 273195316?
3
What is the thousands digit of 382622331?
2
What is the units digit of 756760590?
0
What is the hundred millions digit of 239505495?
2
What is the tens digit of 259357467?
6
What is the units digit of 17641930?
0
What is the hundred millions digit of 254751268?
2
What is the ten millions digit of 579660093?
7
What is the ten millions digit of 1054664461?
5
What is the hundred millions digit of 479664541?
4
What is the hundreds digit of 55090836?